{"id":1946,"date":"2026-05-08T08:53:38","date_gmt":"2026-05-08T11:53:38","guid":{"rendered":"https:\/\/heilige.com.br\/store\/?post_type=product&#038;p=1946"},"modified":"2026-05-08T09:19:54","modified_gmt":"2026-05-08T12:19:54","slug":"cerveja-long-neck-cream-ale-sem-gluten","status":"publish","type":"product","link":"https:\/\/heilige.com.br\/store\/produto\/cerveja-long-neck-cream-ale-sem-gluten\/","title":{"rendered":"CERVEJA LONG NECK CREAM ALE SEM GL\u00daTEN 355ml"},"content":{"rendered":"","protected":false},"excerpt":{"rendered":"<p><strong>ALC\/VOL:<\/strong> 4,2%\u00a0 |\u00a0 <strong>COLORA\u00c7\u00c3O:<\/strong> 9 EBC |\u00a0 <strong>AMARGOR:<\/strong> 11 IBU |\u00a0 <strong>TEMP. IDEAL:<\/strong> 4\u00ba &#8211; 8\u00ba C<\/p>\n<p>De aroma maltado e floral, corpo leve, cremoso, dul\u00e7or s\u00fatil equilibrado com amargor discreto e refrescante.<\/p>\n<p><strong>Al\u00e9rgicos: <\/strong>Cont\u00e9m derivado de cevada e pode conter derivados de trigo, centeio e aveia. N\u00e3o cont\u00e9m gl\u00faten.<\/p>\n<p>Para garantir a seguran\u00e7a e a integridade das garrafas no momento do transporte, aconselhamos que complete uma caixa (pode ser mista). Caixas com 18 unidades.<\/p>\n","protected":false},"featured_media":1947,"template":"","meta":{"inline_featured_image":false,"_themeisle_gutenberg_block_has_review":false,"_joinchat":[]},"product_cat":[15,127],"product_tag":[39,138,42,131,84,137],"class_list":["post-1946","product","type-product","status-publish","has-post-thumbnail","hentry","product_cat-mais-vendidos","product_cat-novidade","product_tag-cerveja","product_tag-cream-ale","product_tag-heilige","product_tag-lancamento","product_tag-longneck","product_tag-sem-gluten"],"acf":[],"yoast_head":"<!-- This site is optimized with the Yoast SEO plugin v21.5 - https:\/\/yoast.com\/wordpress\/plugins\/seo\/ -->\n<title>CERVEJA LONG NECK CREAM ALE SEM GL\u00daTEN 355ml - Heilige Store<\/title>\n<meta name=\"description\" content=\"De aroma maltado e floral, corpo leve, cremoso, dul\u00e7or s\u00fatil equilibrado com amargor discreto e refrescante. Sem gl\u00faten.\" \/>\n<meta name=\"robots\" content=\"index, follow, max-snippet:-1, max-image-preview:large, max-video-preview:-1\" \/>\n<link rel=\"canonical\" href=\"https:\/\/heilige.com.br\/store\/produto\/cerveja-long-neck-cream-ale-sem-gluten\/\" \/>\n<meta property=\"og:locale\" content=\"pt_BR\" \/>\n<meta property=\"og:type\" content=\"article\" \/>\n<meta property=\"og:title\" content=\"CERVEJA LONG NECK CREAM ALE SEM GL\u00daTEN 355ml - Heilige Store\" \/>\n<meta property=\"og:description\" content=\"De aroma maltado e floral, corpo leve, cremoso, dul\u00e7or s\u00fatil equilibrado com amargor discreto e refrescante. Sem gl\u00faten.\" \/>\n<meta property=\"og:url\" content=\"https:\/\/heilige.com.br\/store\/produto\/cerveja-long-neck-cream-ale-sem-gluten\/\" \/>\n<meta property=\"og:site_name\" content=\"Heilige Store\" \/>\n<meta property=\"article:modified_time\" content=\"2026-05-08T12:19:54+00:00\" \/>\n<meta property=\"og:image\" content=\"http:\/\/heilige.com.br\/store\/wp-content\/uploads\/sites\/2\/2026\/05\/Store_CreamAle2.jpg\" \/>\n\t<meta property=\"og:image:width\" content=\"2250\" \/>\n\t<meta property=\"og:image:height\" content=\"2250\" \/>\n\t<meta property=\"og:image:type\" content=\"image\/jpeg\" \/>\n<meta name=\"twitter:card\" content=\"summary_large_image\" \/>\n<script type=\"application\/ld+json\" class=\"yoast-schema-graph\">{\"@context\":\"https:\/\/schema.org\",\"@graph\":[{\"@type\":\"WebPage\",\"@id\":\"https:\/\/heilige.com.br\/store\/produto\/cerveja-long-neck-cream-ale-sem-gluten\/\",\"url\":\"https:\/\/heilige.com.br\/store\/produto\/cerveja-long-neck-cream-ale-sem-gluten\/\",\"name\":\"CERVEJA LONG NECK CREAM ALE SEM GL\u00daTEN 355ml - Heilige Store\",\"isPartOf\":{\"@id\":\"https:\/\/heilige.com.br\/store\/#website\"},\"datePublished\":\"2026-05-08T11:53:38+00:00\",\"dateModified\":\"2026-05-08T12:19:54+00:00\",\"description\":\"De aroma maltado e floral, corpo leve, cremoso, dul\u00e7or s\u00fatil equilibrado com amargor discreto e refrescante. Sem gl\u00faten.\",\"breadcrumb\":{\"@id\":\"https:\/\/heilige.com.br\/store\/produto\/cerveja-long-neck-cream-ale-sem-gluten\/#breadcrumb\"},\"inLanguage\":\"pt-BR\",\"potentialAction\":[{\"@type\":\"ReadAction\",\"target\":[\"https:\/\/heilige.com.br\/store\/produto\/cerveja-long-neck-cream-ale-sem-gluten\/\"]}]},{\"@type\":\"BreadcrumbList\",\"@id\":\"https:\/\/heilige.com.br\/store\/produto\/cerveja-long-neck-cream-ale-sem-gluten\/#breadcrumb\",\"itemListElement\":[{\"@type\":\"ListItem\",\"position\":1,\"name\":\"Home\",\"item\":\"https:\/\/heilige.com.br\/store\/\"},{\"@type\":\"ListItem\",\"position\":2,\"name\":\"Store\",\"item\":\"https:\/\/heilige.com.br\/store\/store\/\"},{\"@type\":\"ListItem\",\"position\":3,\"name\":\"CERVEJA LONG NECK CREAM ALE SEM GL\u00daTEN 355ml\"}]},{\"@type\":\"WebSite\",\"@id\":\"https:\/\/heilige.com.br\/store\/#website\",\"url\":\"https:\/\/heilige.com.br\/store\/\",\"name\":\"Heilige Store\",\"description\":\"\",\"potentialAction\":[{\"@type\":\"SearchAction\",\"target\":{\"@type\":\"EntryPoint\",\"urlTemplate\":\"https:\/\/heilige.com.br\/store\/?s={search_term_string}\"},\"query-input\":\"required name=search_term_string\"}],\"inLanguage\":\"pt-BR\"}]}<\/script>\n<!-- \/ Yoast SEO plugin. -->","yoast_head_json":{"title":"CERVEJA LONG NECK CREAM ALE SEM GL\u00daTEN 355ml - Heilige Store","description":"De aroma maltado e floral, corpo leve, cremoso, dul\u00e7or s\u00fatil equilibrado com amargor discreto e refrescante. Sem gl\u00faten.","robots":{"index":"index","follow":"follow","max-snippet":"max-snippet:-1","max-image-preview":"max-image-preview:large","max-video-preview":"max-video-preview:-1"},"canonical":"https:\/\/heilige.com.br\/store\/produto\/cerveja-long-neck-cream-ale-sem-gluten\/","og_locale":"pt_BR","og_type":"article","og_title":"CERVEJA LONG NECK CREAM ALE SEM GL\u00daTEN 355ml - Heilige Store","og_description":"De aroma maltado e floral, corpo leve, cremoso, dul\u00e7or s\u00fatil equilibrado com amargor discreto e refrescante. Sem gl\u00faten.","og_url":"https:\/\/heilige.com.br\/store\/produto\/cerveja-long-neck-cream-ale-sem-gluten\/","og_site_name":"Heilige Store","article_modified_time":"2026-05-08T12:19:54+00:00","og_image":[{"width":2250,"height":2250,"url":"http:\/\/heilige.com.br\/store\/wp-content\/uploads\/sites\/2\/2026\/05\/Store_CreamAle2.jpg","type":"image\/jpeg"}],"twitter_card":"summary_large_image","schema":{"@context":"https:\/\/schema.org","@graph":[{"@type":"WebPage","@id":"https:\/\/heilige.com.br\/store\/produto\/cerveja-long-neck-cream-ale-sem-gluten\/","url":"https:\/\/heilige.com.br\/store\/produto\/cerveja-long-neck-cream-ale-sem-gluten\/","name":"CERVEJA LONG NECK CREAM ALE SEM GL\u00daTEN 355ml - Heilige Store","isPartOf":{"@id":"https:\/\/heilige.com.br\/store\/#website"},"datePublished":"2026-05-08T11:53:38+00:00","dateModified":"2026-05-08T12:19:54+00:00","description":"De aroma maltado e floral, corpo leve, cremoso, dul\u00e7or s\u00fatil equilibrado com amargor discreto e refrescante. Sem gl\u00faten.","breadcrumb":{"@id":"https:\/\/heilige.com.br\/store\/produto\/cerveja-long-neck-cream-ale-sem-gluten\/#breadcrumb"},"inLanguage":"pt-BR","potentialAction":[{"@type":"ReadAction","target":["https:\/\/heilige.com.br\/store\/produto\/cerveja-long-neck-cream-ale-sem-gluten\/"]}]},{"@type":"BreadcrumbList","@id":"https:\/\/heilige.com.br\/store\/produto\/cerveja-long-neck-cream-ale-sem-gluten\/#breadcrumb","itemListElement":[{"@type":"ListItem","position":1,"name":"Home","item":"https:\/\/heilige.com.br\/store\/"},{"@type":"ListItem","position":2,"name":"Store","item":"https:\/\/heilige.com.br\/store\/store\/"},{"@type":"ListItem","position":3,"name":"CERVEJA LONG NECK CREAM ALE SEM GL\u00daTEN 355ml"}]},{"@type":"WebSite","@id":"https:\/\/heilige.com.br\/store\/#website","url":"https:\/\/heilige.com.br\/store\/","name":"Heilige Store","description":"","potentialAction":[{"@type":"SearchAction","target":{"@type":"EntryPoint","urlTemplate":"https:\/\/heilige.com.br\/store\/?s={search_term_string}"},"query-input":"required name=search_term_string"}],"inLanguage":"pt-BR"}]}},"_links":{"self":[{"href":"https:\/\/heilige.com.br\/store\/wp-json\/wp\/v2\/product\/1946","targetHints":{"allow":["GET"]}}],"collection":[{"href":"https:\/\/heilige.com.br\/store\/wp-json\/wp\/v2\/product"}],"about":[{"href":"https:\/\/heilige.com.br\/store\/wp-json\/wp\/v2\/types\/product"}],"wp:featuredmedia":[{"embeddable":true,"href":"https:\/\/heilige.com.br\/store\/wp-json\/wp\/v2\/media\/1947"}],"wp:attachment":[{"href":"https:\/\/heilige.com.br\/store\/wp-json\/wp\/v2\/media?parent=1946"}],"wp:term":[{"taxonomy":"product_cat","embeddable":true,"href":"https:\/\/heilige.com.br\/store\/wp-json\/wp\/v2\/product_cat?post=1946"},{"taxonomy":"product_tag","embeddable":true,"href":"https:\/\/heilige.com.br\/store\/wp-json\/wp\/v2\/product_tag?post=1946"}],"curies":[{"name":"wp","href":"https:\/\/api.w.org\/{rel}","templated":true}]}}