{"id":251,"date":"2020-03-30T14:46:27","date_gmt":"2020-03-30T17:46:27","guid":{"rendered":"https:\/\/heilige.com.br\/store\/?post_type=product&#038;p=251"},"modified":"2026-03-26T16:55:38","modified_gmt":"2026-03-26T19:55:38","slug":"cerveja-heilige-american-pale-ale","status":"publish","type":"product","link":"https:\/\/heilige.com.br\/store\/produto\/cerveja-heilige-american-pale-ale\/","title":{"rendered":"CERVEJA HEILIGE AMERICAN PALE ALE"},"content":{"rendered":"","protected":false},"excerpt":{"rendered":"<p><strong>ALC\/VOL:<\/strong> 5,1%\u00a0 |\u00a0 <strong>COLORA\u00c7\u00c3O:<\/strong> 26 EBC |\u00a0 <strong>AMARGOR:<\/strong> 40 IBU |\u00a0 <strong>TEMP. IDEAL:<\/strong> 2\u00ba &#8211; 4\u00ba C<br \/>\nCerveja leve e arom\u00e1tica, boa estabilidade de espuma, com amargor moderado, aromas c\u00edtricos e frutados. Corpo m\u00e9dio e boa drinkability.<\/p>\n<p>&nbsp;<\/p>\n<p>Para garantir a seguran\u00e7a e a integridade das garrafas no momento do transporte, aconselhamos que complete uma caixa (pode ser mista). Caixas com 6 ou 15 unidades.<\/p>\n","protected":false},"featured_media":252,"template":"","meta":{"inline_featured_image":false,"_themeisle_gutenberg_block_has_review":false,"_joinchat":[]},"product_cat":[15,33],"product_tag":[41,40,39,42],"class_list":["post-251","product","type-product","status-publish","has-post-thumbnail","hentry","product_cat-mais-vendidos","product_cat-extra-hops","product_tag-american-pale-ale","product_tag-apa","product_tag-cerveja","product_tag-heilige"],"acf":[],"yoast_head":"<!-- This site is optimized with the Yoast SEO plugin v21.5 - https:\/\/yoast.com\/wordpress\/plugins\/seo\/ -->\n<title>CERVEJA HEILIGE AMERICAN PALE ALE - Heilige Store<\/title>\n<meta name=\"robots\" content=\"index, follow, max-snippet:-1, max-image-preview:large, max-video-preview:-1\" \/>\n<link rel=\"canonical\" href=\"https:\/\/heilige.com.br\/store\/produto\/cerveja-heilige-american-pale-ale\/\" \/>\n<meta property=\"og:locale\" content=\"pt_BR\" \/>\n<meta property=\"og:type\" content=\"article\" \/>\n<meta property=\"og:title\" content=\"CERVEJA HEILIGE AMERICAN PALE ALE - Heilige Store\" \/>\n<meta property=\"og:description\" content=\"ALC\/VOL: 5,1%\u00a0 |\u00a0 COLORA\u00c7\u00c3O: 26 EBC |\u00a0 AMARGOR: 40 IBU |\u00a0 TEMP. IDEAL: 2\u00ba - 4\u00ba C Cerveja leve e arom\u00e1tica, boa estabilidade de espuma, com amargor moderado, aromas c\u00edtricos e frutados. Corpo m\u00e9dio e boa drinkability.  &nbsp;  Para garantir a seguran\u00e7a e a integridade das garrafas no momento do transporte, aconselhamos que complete uma caixa (pode ser mista). Caixas com 6 ou 15 unidades.\" \/>\n<meta property=\"og:url\" content=\"https:\/\/heilige.com.br\/store\/produto\/cerveja-heilige-american-pale-ale\/\" \/>\n<meta property=\"og:site_name\" content=\"Heilige Store\" \/>\n<meta property=\"article:modified_time\" content=\"2026-03-26T19:55:38+00:00\" \/>\n<meta property=\"og:image\" content=\"http:\/\/heilige.com.br\/store\/wp-content\/uploads\/sites\/2\/2020\/03\/HLG_apa.png\" \/>\n\t<meta property=\"og:image:width\" content=\"1080\" \/>\n\t<meta property=\"og:image:height\" content=\"1080\" \/>\n\t<meta property=\"og:image:type\" content=\"image\/png\" \/>\n<meta name=\"twitter:card\" content=\"summary_large_image\" \/>\n<script type=\"application\/ld+json\" class=\"yoast-schema-graph\">{\"@context\":\"https:\/\/schema.org\",\"@graph\":[{\"@type\":\"WebPage\",\"@id\":\"https:\/\/heilige.com.br\/store\/produto\/cerveja-heilige-american-pale-ale\/\",\"url\":\"https:\/\/heilige.com.br\/store\/produto\/cerveja-heilige-american-pale-ale\/\",\"name\":\"CERVEJA HEILIGE AMERICAN PALE ALE - Heilige Store\",\"isPartOf\":{\"@id\":\"https:\/\/heilige.com.br\/store\/#website\"},\"datePublished\":\"2020-03-30T17:46:27+00:00\",\"dateModified\":\"2026-03-26T19:55:38+00:00\",\"breadcrumb\":{\"@id\":\"https:\/\/heilige.com.br\/store\/produto\/cerveja-heilige-american-pale-ale\/#breadcrumb\"},\"inLanguage\":\"pt-BR\",\"potentialAction\":[{\"@type\":\"ReadAction\",\"target\":[\"https:\/\/heilige.com.br\/store\/produto\/cerveja-heilige-american-pale-ale\/\"]}]},{\"@type\":\"BreadcrumbList\",\"@id\":\"https:\/\/heilige.com.br\/store\/produto\/cerveja-heilige-american-pale-ale\/#breadcrumb\",\"itemListElement\":[{\"@type\":\"ListItem\",\"position\":1,\"name\":\"Home\",\"item\":\"https:\/\/heilige.com.br\/store\/\"},{\"@type\":\"ListItem\",\"position\":2,\"name\":\"Store\",\"item\":\"https:\/\/heilige.com.br\/store\/store\/\"},{\"@type\":\"ListItem\",\"position\":3,\"name\":\"CERVEJA HEILIGE AMERICAN PALE ALE\"}]},{\"@type\":\"WebSite\",\"@id\":\"https:\/\/heilige.com.br\/store\/#website\",\"url\":\"https:\/\/heilige.com.br\/store\/\",\"name\":\"Heilige Store\",\"description\":\"\",\"potentialAction\":[{\"@type\":\"SearchAction\",\"target\":{\"@type\":\"EntryPoint\",\"urlTemplate\":\"https:\/\/heilige.com.br\/store\/?s={search_term_string}\"},\"query-input\":\"required name=search_term_string\"}],\"inLanguage\":\"pt-BR\"}]}<\/script>\n<!-- \/ Yoast SEO plugin. -->","yoast_head_json":{"title":"CERVEJA HEILIGE AMERICAN PALE ALE - Heilige Store","robots":{"index":"index","follow":"follow","max-snippet":"max-snippet:-1","max-image-preview":"max-image-preview:large","max-video-preview":"max-video-preview:-1"},"canonical":"https:\/\/heilige.com.br\/store\/produto\/cerveja-heilige-american-pale-ale\/","og_locale":"pt_BR","og_type":"article","og_title":"CERVEJA HEILIGE AMERICAN PALE ALE - Heilige Store","og_description":"ALC\/VOL: 5,1%\u00a0 |\u00a0 COLORA\u00c7\u00c3O: 26 EBC |\u00a0 AMARGOR: 40 IBU |\u00a0 TEMP. IDEAL: 2\u00ba - 4\u00ba C Cerveja leve e arom\u00e1tica, boa estabilidade de espuma, com amargor moderado, aromas c\u00edtricos e frutados. Corpo m\u00e9dio e boa drinkability.  &nbsp;  Para garantir a seguran\u00e7a e a integridade das garrafas no momento do transporte, aconselhamos que complete uma caixa (pode ser mista). Caixas com 6 ou 15 unidades.","og_url":"https:\/\/heilige.com.br\/store\/produto\/cerveja-heilige-american-pale-ale\/","og_site_name":"Heilige Store","article_modified_time":"2026-03-26T19:55:38+00:00","og_image":[{"width":1080,"height":1080,"url":"http:\/\/heilige.com.br\/store\/wp-content\/uploads\/sites\/2\/2020\/03\/HLG_apa.png","type":"image\/png"}],"twitter_card":"summary_large_image","schema":{"@context":"https:\/\/schema.org","@graph":[{"@type":"WebPage","@id":"https:\/\/heilige.com.br\/store\/produto\/cerveja-heilige-american-pale-ale\/","url":"https:\/\/heilige.com.br\/store\/produto\/cerveja-heilige-american-pale-ale\/","name":"CERVEJA HEILIGE AMERICAN PALE ALE - Heilige Store","isPartOf":{"@id":"https:\/\/heilige.com.br\/store\/#website"},"datePublished":"2020-03-30T17:46:27+00:00","dateModified":"2026-03-26T19:55:38+00:00","breadcrumb":{"@id":"https:\/\/heilige.com.br\/store\/produto\/cerveja-heilige-american-pale-ale\/#breadcrumb"},"inLanguage":"pt-BR","potentialAction":[{"@type":"ReadAction","target":["https:\/\/heilige.com.br\/store\/produto\/cerveja-heilige-american-pale-ale\/"]}]},{"@type":"BreadcrumbList","@id":"https:\/\/heilige.com.br\/store\/produto\/cerveja-heilige-american-pale-ale\/#breadcrumb","itemListElement":[{"@type":"ListItem","position":1,"name":"Home","item":"https:\/\/heilige.com.br\/store\/"},{"@type":"ListItem","position":2,"name":"Store","item":"https:\/\/heilige.com.br\/store\/store\/"},{"@type":"ListItem","position":3,"name":"CERVEJA HEILIGE AMERICAN PALE ALE"}]},{"@type":"WebSite","@id":"https:\/\/heilige.com.br\/store\/#website","url":"https:\/\/heilige.com.br\/store\/","name":"Heilige Store","description":"","potentialAction":[{"@type":"SearchAction","target":{"@type":"EntryPoint","urlTemplate":"https:\/\/heilige.com.br\/store\/?s={search_term_string}"},"query-input":"required name=search_term_string"}],"inLanguage":"pt-BR"}]}},"_links":{"self":[{"href":"https:\/\/heilige.com.br\/store\/wp-json\/wp\/v2\/product\/251","targetHints":{"allow":["GET"]}}],"collection":[{"href":"https:\/\/heilige.com.br\/store\/wp-json\/wp\/v2\/product"}],"about":[{"href":"https:\/\/heilige.com.br\/store\/wp-json\/wp\/v2\/types\/product"}],"wp:featuredmedia":[{"embeddable":true,"href":"https:\/\/heilige.com.br\/store\/wp-json\/wp\/v2\/media\/252"}],"wp:attachment":[{"href":"https:\/\/heilige.com.br\/store\/wp-json\/wp\/v2\/media?parent=251"}],"wp:term":[{"taxonomy":"product_cat","embeddable":true,"href":"https:\/\/heilige.com.br\/store\/wp-json\/wp\/v2\/product_cat?post=251"},{"taxonomy":"product_tag","embeddable":true,"href":"https:\/\/heilige.com.br\/store\/wp-json\/wp\/v2\/product_tag?post=251"}],"curies":[{"name":"wp","href":"https:\/\/api.w.org\/{rel}","templated":true}]}}